ase 5, what is -32 + -1342?
-1424
In base 16, what is 54 - 5?
4f
In base 9, what is -14766 - -5?
-14761
In base 8, what is -30 - 0?
-30
In base 6, what is -43222 - 2?
-43224
In base 13, what is -4 + -32?
-36
In base 11, what is -4409 - -4?
-4405
In base 13, what is -3140 + -2?
-3142
In base 5, what is -10 - 1220?
-1230
In base 3, what is -12 - -101020?
101001
In base 12, what is 8 - 66?
-5a
In base 5, what is -200 - -13?
-132
In base 7, what is -5 - 621?
-626
In base 14, what is -5 - c?
-13
In base 15, what is 3 - 49c?
-499
In base 10, what is -18 - 5?
-23
In base 4, what is 1 - 133123?
-133122
In base 11, what is 1 + -33?
-32
In base 7, what is -3 + 330?
324
In base 10, what is 2834 - 4?
2830
In base 5, what is 1014 + 10?
1024
In base 14, what is -3ba + 9?
-3b1
In base 12, what is -5 + 17?
12
In base 9, what is 5 - 33?
-27
In base 11, what is -5 + -795?
-79a
In base 2, what is 1011 - -10101?
100000
In base 15, what is 110 + -29?
d6
In base 7, what is -2 + 265?
263
In base 9, what is -1 + 152?
151
In base 13, what is -22 - -20?
-2
In base 10, what is -5 - -429?
424
In base 10, what is -7 - 67?
-74
In base 6, what is -310 + 201?
-105
In base 11, what is 5 + 158?
162
In base 14, what is 17 + -11?
6
In base 10, what is 4 + 1701?
1705
In base 16, what is -49 - -1b?
-2e
In base 13, what is 648c - -4?
6493
In base 7, what is -1 - -63?
62
In base 6, what is -45 - -52?
3
In base 13, what is 365 + -3?
362
In base 7, what is 1205 - -3?
1211
In base 5, what is 2221 - 4?
2212
In base 9, what is 8 - -132?
141
In base 10, what is -145 - 4?
-149
In base 8, what is -1 - 3677?
-3700
In base 9, what is 1308 + -1?
1307
In base 5, what is 11 + 42?
103
In base 11, what is -330 - 1a?
-34a
In base 13, what is -8 + 113?
108
In base 5, what is 224 - 0?
224
In base 5, what is -401410 - 1?
-401411
In base 9, what is -5 - 2043?
-2048
In base 7, what is 12521 + 1?
12522
In base 13, what is b3 - -2?
b5
In base 7, what is 20 + 2?
22
In base 2, what is 1 - 1011100?
-1011011
In base 11, what is 951 + 3?
954
In base 8, what is 16 - 203?
-165
In base 15, what is -1 + 2b?
2a
In base 14, what is c - 16?
-8
In base 12, what is 113 + 2?
115
In base 4, what is 122 + 21213?
22001
In base 2, what is -1110011111011 - 11?
-1110011111110
In base 4, what is 1 + -1223?
-1222
In base 3, what is 112111 - -12?
112200
In base 9, what is 1103 - 2?
1101
In base 8, what is -1006 - -1?
-1005
In base 15, what is 7 - 15?
-d
In base 2, what is 10011000010 + 101?
10011000111
In base 5, what is -1 + -402?
-403
In base 10, what is 5 + 653?
658
In base 5, what is -2 - -3?
1
In base 6, what is 1 - 322?
-321
In base 6, what is -3054 - -4?
-3050
In base 11, what is 29 - -170?
199
In base 16, what is 26b - -2?
26d
In base 8, what is 14617 + -2?
14615
In base 13, what is 19 + 2?
1b
In base 4, what is -12 - 0?
-12
In base 2, what is -1010000000 + -100?
-1010000100
In base 14, what is -81 + 4?
-7b
In base 4, what is 2013 - -31?
2110
In base 10, what is -4 - -135?
131
In base 16, what is 18 - -5?
1d
In base 4, what is 10 - 3233?
-3223
In base 9, what is 2 - -435?
437
In base 13, what is -5 - 183?
-188
In base 14, what is 120 - 0?
120
In base 8, what is -14 + -61?
-75
In base 8, what is -6 - 71?
-77
In base 9, what is 478 - -2?
481
In base 12, what is 1346 + 2?
1348
In base 14, what is a - -242?
24c
In base 5, what is -100 + -32?
-132
In base 6, what is -111 + 42?
-25
In base 9, what is 7 - 707?
-700
In base 2, what is -101 + -10111011?
-11000000
In base 9, what is -7 - -3?
-4
In base 12, what is 305 + 4?
309
In base 15, what is 43 + -6?
3c
In base 4, what is 10 - 1020?
-1010
In base 7, what is 36 + 1626?
1665
In base 6, what is -45312 + 3?
-45305
In base 16, what is a1 - 5?
9c
In base 14, what is -4a - 7?
-53
In base 4, what is 22222 + 3?
22231
In base 9, what is -6 - -862?
855
In base 9, what is 23 - -54?
77
In base 15, what is 3 - -cb?
ce
In base 8, what is 60 - 116?
-36
In base 11, what is 128 - 4?
124
In base 16, what is -3e - 15?
-53
In base 10, what is 3 - -102?
105
In base 12, what is -20 - 45b?
-47b
In base 8, what is -202 - -4?
-176
In base 6, what is 241 + -1144?
-503
In base 12, what is 480 + -4?
478
In base 9, what is 140 + -2?
137
In base 9, what is -440 + -31?
-471
In base 2, what is -10 + 1010000011000?
1010000010110
In base 13, what is 2 - -63c?
641
In base 2, what is -111 - 110?
-1101
In base 10, what is 26 + -1?
25
In base 13, what is -9 + 18?
c
In base 13, what is -618 + 1?
-617
In base 16, what is 16 - f?
7
In base 5, what is 211 - -11?
222
In base 6, what is 2 - 13?
-11
In base 5, what is 1 + -301?
-300
In base 8, what is 5 + -40?
-33
In base 13, what is 5 + -269?
-264
In base 5, what is -4 - -41423?
41414
In base 9, what is 13 - 253?
-240
In base 3, what is 11 + -1111220?
-1111202
In base 5, what is -3 + -1141?
-1144
In base 3, what is -22 + 1010101?
1010002
In base 7, what is 105 - -11?
116
In base 2, what is 0 + -10010010?
-10010010
In base 5, what is 4 + 243?
302
In base 13, what is -8 + -74b?
-756
In base 10, what is -174 - 14?
-188
In base 6, what is 102031 - -3?
102034
In base 16, what is 228 + -3?
225
In base 16, what is 5 - -1?
6
In base 12, what is 0 + -2a?
-2a
In base 9, what is 4 + 386?
401
In base 5, what is 22123 - -1?
22124
In base 11, what is -6 + -635?
-640
In base 4, what is -2302 - 32?
-3000
In base 16, what is 22 + 27?
49
In base 3, what is 0 - 1022?
-1022
In base 10, what is 0 - -1970?
1970
In base 7, what is -1341 - 0?
-1341
In base 7, what is 161 - -25?
216
In base 4, what is -131323 + -10?
-131333
In base 8, what is -36 - 2?
-40
In base 2, what is -101 + 10010111?
10010010
In base 10, what is 459 - -1?
460
In base 10, what is -3719 - 0?
-3719
In base 16, what is -65 + 66?
1
In base 12, what is -4 + 1b7?
1b3
In base 4, what is -111330 - -1?
-111323
In base 8, what is 24 + -6?
16
In base 13, what is 1 - -3c?
40
In base 10, what is -3 - -1562?
1559
In base 7, what is 1 + -10?
-6
In base 10, what is 1 - -188?
189
In base 10, what is 5999 - 1?
5998
In base 6, what is 3 + 250?
253
In base 2, what is 0 + -1010011001111?
-1010011001111
In base 2, what is 100 + -100000100010?
-100000011110
In base 13, what is 3 + a?
10
In base 6, what is -153 + -44?
-241
In base 4, what is -11122 - 11?
-11133
In base 7, what is 0 + 133?
133
In base 16, what is -161 + -2?
-163
In base 7, what is 3454 + 2?
3456
In base 6, what is 5 + 144?
153
In base 14, what is -d5a + -1?
-d5b
In base 8, what is -3 + 412?
407
In base 15, what is 34 + 2?
36
In base 11, what is 14 + -97?
-83
In base 8, what is -1 + 1240?
1237
In base 14, what is -13 - -25a?
247
In base 4, what is 10 - 1022?
-1012
In base 7, what is 3 - -4006?
4012
In base 14, what is 16 - 2c?
-16
In base 8, what is -152 - 1?
-153
In base 13, what is 152 + 2c?
181
In base 2, what is -10011 + 1101?
-110
In base 15, what is 6 + -383?
-37c
In base 9, what is 18 + -20?
-1
In base 10, what is -17 - 3?
-20
In base 10, what is 1 - 33?
-32
In base 15, what is 4 - -23e?
243
In base 12, what is -8 - -367?
35b
In base 8, what is -225 - 15?
-242
In base 14, what is 46 - -d?
55
In base 10, what is 109 - 1?
108
In base 15, what is -25 + d2?
ac
In base 5, what is -220102 - 10?
-220112
In base 12, what is -158 - 6?
-162
In base 6, what is -12411 - -5?
-12402
In base 4, what is 13 - -13133?
13212
In base 14, what is -2 + 183?
181
In base 6, what is 13 - -302?
315
In base 9, what is 0 - -73?
73
In base 15, what is -5 + 8d?
88
In base 9, what is 27 - -7?
35
In base 3, what is -10 - 101010?
-101020
In base 3, what is 102021 - -12?
102110
In base 4, what is -100 + -120?
-220
In base 5, what is -21 + -2?
-23
In base 3, what is 101 - 100?
1
In base 10, what is -82 + 32?
-50
In base 14, what is -1 - -aa?
a9
In base 9, what is -2130 - 4?
-2134
In base 5, what is -111344 + 2?
-111342
In base 5, what is 112 + -2?
110
In base 12, what is -6 + -31?
-37
In base 10, what is -226 + 0?
-226
In base 13, what is b + 1a9?
1b7
In base 2, what is 10111001 - 1010010?
1100111
In base 12, what is 27b + 1?
280
In base 6, what is 2 - -154?
200
In base 8, what is -32104 + 1?
-32103
In base 16, what is 211 - -3?
214
In base 12, what is -12120 - -5?
-12117
In base 16, what is 3 + -130?
-12d
In base 15, what is 9 + -491?
-487
In base 11, what is 2a + -57?
-28
In base 10, what is 1 + -6?
-